Deze pagina kan het beste bekeken worden met Google Chrome v61.0
Copyright 2001 - 2017,  Enkhuizen Meteo
H e t   l o k a l e   w e e r o v e r z i c h t   v o o r   d e   r e g i o   W e s t f r i e s l a n d
Enkhuizen Meteo
24 uur per dag live weeroverzicht voor de regio Enkhuizen en omgeving
                            ANNUAL CLIMATOLOGICAL SUMMARY NAME: Enkhuizen Meteo  CITY: Enkhuizen   STATE: Netherlands  ELEV:    -1 m  LAT:  52° 71' 45" N  LONG:   5° 27' 21" E                TEMPERATURE (°C), HEAT BASE 18.3, COOL BASE 18.3                           DEP.  HEAT  COOL                                                  MEAN  MEAN        FROM  DEG   DEG                        MAX  MAX  MIN  MIN  YR MO  MAX   MIN   MEAN  NORM  DAYS  DAYS  HI  DATE  LOW  DATE  >=32 <=0  <=0  <=-18 ------------------------------------------------------------------------------------  16  1   7.0   2.5   4.7   1.6   421     0  12.2  25  -2.6   19    0    0    9    0  16  2   7.6   3.0   5.2   1.9   380     0  11.9   1  -2.3   16    0    0    5    0  16  3   9.0   3.5   6.0  -0.2   377     0  14.1  26  -0.9    5    0    0    1    0  16  4  12.9   6.2   9.2   0.0   271     0  18.4   3   1.2   26    0    0    0    0  16  5  19.2  11.6  15.1   2.0   119    21  26.5   7   5.4    2    0    0    0    0  16  6  20.9  14.1  17.2   1.6    55    21  27.2   4  11.8   18    0    0    0    0  16  7  23.2  15.4  19.0   1.1    31    53  33.5  20  11.3    6    1    0    0    0  16  8  22.8  15.3  18.8   1.3    33    49  32.5  25   9.9   10    1    0    0    0  16  9  23.1  15.5  19.1   4.6    27    52  30.6  13  10.3   27    0    0    0    0  16 10  14.2   8.4  11.1   0.4   223     0  19.6   3   4.5   21    0    0    0    0  16 11   8.8   4.1   6.5  -0.2   355     0  14.4   1  -2.8   29    0    0    2    0  16 12   7.6   3.7   5.5   1.8   396     0  11.4  25  -2.6    6    0    0    4    0 ------------------------------------------------------------------------------------         14.7   8.6  11.5   1.3  2689   196  33.5 JUL  -2.8  NOV    2    0   21    0                                 PRECIPITATION (mm)                DEP.   MAX        DAYS OF RAIN                FROM   OBS.          OVER  YR MO  TOTAL  NORM   DAY  DATE  .2   2   20 ---------------------------------------------  16  1 103.0   50.2  22.8   30   25   12    1  16  2  60.7   25.2  12.0   14   21   10    0  16  3  72.2   32.3  17.2    2   20    7    0  16  4  62.0   31.3  11.4   26   20    9    0  16  5  59.6    9.7  25.0   23   10    5    2  16  6  90.2   31.6  26.0   20   16   11    2  16  7  66.0  -14.6  20.0   28   15    9    0  16  8  69.8  -13.2  24.0   21   19   10    1  16  9  43.6  -14.2  13.2   29    6    5    0  16 10  65.0  -11.0  17.0    2   14    7    0  16 11  82.6   22.8  12.4   17   20   13    0  16 12  26.4  -37.9   6.4   11   22    4    0 ---------------------------------------------        801.2 112.3  26.0  JUN  208  102    6                                 WIND SPEED (km/hr)                           DOM  YR MO   AVG.  HI   DATE  DIR ---------------------------------  16  1  11.7  66.0   27    SW  16  2  11.2  77.2    8   WSW  16  3   9.2  72.4   27   WSW  16  4   8.9  54.7    6   WSW  16  5   8.6  49.9   14     N  16  6   7.3  56.3   20     N  16  7   6.8  53.1   11   WSW  16  8   6.9  49.9   21   WSW  16  9   5.3  49.9   29    SW  16 10   6.5  46.7   19     E  16 11   8.0  83.7   20    SW  16 12   8.1  77.2   31    SW ---------------------------------          8.2  83.7  NOV   SW
NOAA Jaar overzicht - 2016