Deze pagina kan het beste bekeken worden met Google Chrome v66.0
Copyright 2001 - 2018,  Enkhuizen Meteo
H e t   l o k a l e   w e e r o v e r z i c h t   v o o r   d e   r e g i o   W e s t f r i e s l a n d
Enkhuizen Meteo
24 uur per dag live weeroverzicht voor de regio Enkhuizen en omgeving
                            ANNUAL CLIMATOLOGICAL SUMMARY NAME: Enkhuizen Meteo  CITY: Enkhuizen   STATE: Netherlands  ELEV:    -1 m  LAT:  52° 71' 45" N  LONG:   5° 27' 21" E                TEMPERATURE (°C), HEAT BASE 18.3, COOL BASE 18.3                           DEP.  HEAT  COOL                                                  MEAN  MEAN        FROM  DEG   DEG                        MAX  MAX  MIN  MIN  YR MO  MAX   MIN   MEAN  NORM  DAYS  DAYS  HI  DATE  LOW  DATE  >=32 <=0  <=0  <=-18 ------------------------------------------------------------------------------------  17  1   4.5   0.4   2.4  -0.7   493     0   9.9  11  -3.6   22    0    2   15    0  17  2   6.7   2.7   4.7   1.4   381     0  11.8  15  -2.9   10    0    2    6    0  17  3  12.7   6.0   9.0   2.8   288     1  21.8  31   2.2   10    0    0    0    0  17  4  13.2   6.1   9.4   0.2   267     0  19.1   9   1.9   20    0    0    0    0  17  5  19.7  11.7  15.2   2.1   121    25  31.4  27   7.4    9    0    0    0    0  17  6  22.8  14.6  18.5   2.9    38    44  30.6  19  10.7    6    0    0    0    0  17  7  22.6  15.3  18.8   0.9    28    43  28.7  19  11.9    3    0    0    0    0  17  8  22.3  14.5  18.3   0.8    36    36  28.3  29  10.4   21    0    0    0    0  17  9  18.4  11.8  14.8   0.3   108     4  23.6   4   7.3   23    0    0    0    0  17 10  16.3  11.2  13.6   2.9   137     1  22.1  16   7.9   30    0    0    0    0  17 11  10.6   5.6   7.9   1.2   313     0  15.8   2   0.1   30    0    0    0    0  17 12   6.9   3.0   5.1   1.4   411     0  12.7  31  -1.2    2    0    0    4    0 ------------------------------------------------------------------------------------         14.8   8.6  11.5   1.3  2620   154  31.4 MAY  -3.6  JAN    0    4   25    0                                 PRECIPITATION (mm)                DEP.   MAX        DAYS OF RAIN                FROM   OBS.          OVER  YR MO  TOTAL  NORM   DAY  DATE  .2   2   20 ---------------------------------------------  17  1  55.6    2.8  13.0   12   21    7    0  17  2  81.8   46.3  25.4   23   20    9    1  17  3  49.6    9.7   8.8    8   13    9    0  17  4  27.0   -3.7   6.6   24   14    4    0  17  5  37.3  -12.6  11.0   20   13    5    0  17  6  92.0   33.4  31.0   28   14    7    2  17  7  99.4   18.8  21.6   29   17   10    1  17  8 159.6   76.6  74.0   30   19   12    2  17  9 183.0  125.2  25.6   11   20   15    2  17 10  77.2    1.2  30.0   20   22    8    1  17 11  88.4   28.6  12.4   20   27   17    0  17 12 106.8   42.5  12.2    9   28   13    0 ---------------------------------------------       1057.8 368.9  74.0  AUG  228  116    9                                 WIND SPEED (km/hr)                           DOM  YR MO   AVG.  HI   DATE  DIR ---------------------------------  17  1   1.4  38.6    1    SW  17  2   2.9  82.1   23    SW  17  3   2.6  56.3    2     W  17  4   0.2  38.6    1   WNW  17  5   1.0  61.2    2   ENE  17  6   0.0   1.6    9   SSE  17  7   0.0   0.0    1   ---  17  8   0.0   0.0    1   ---  17  9   0.0   0.0    1   ---  17 10   0.0   0.0    3   ---  17 11   0.0   0.0    1   ---  17 12   0.0   0.0    1   --- ---------------------------------          0.7  82.1  FEB   SW * Ivm een defecte anemometer geen correcte windgegevens
NOAA Jaar overzicht - 2017